Give r(p).
-6
Let x(r) = -r**3 + 2*r**2 - 3*r + 2. Let c = 3 - 1. Suppose -16 = -3*f + c*s, 2*f - 5 = -s - 6. Determine x(f).
-4
Let k = 41 + -29. Suppose 4*l - k = i, 0*l - 8 = -4*i + 2*l. Suppose -w + 1 + i = 0. Let u(q) = -q**3 + 6*q**2 - 3*q - 7. Determine u(w).
3
Let s(q) = 4*q**3 - 5*q**2 + 6*q + 6. Let d(y) = 5*y**3 - 5*y**2 + 7*y + 6. Let u(m) = 5*d(m) - 6*s(m). What is u(-5)?
-1
Suppose 0 = y + 2 - 0. Let d be y*(0 + (-15)/6). Let u(o) = o**3 - 4*o**2 - 5*o + 6. What is u(d)?
6
Suppose 5*c + 4 = 9. Let x(h) = -7 + 7 - c + 2*h. Determine x(-1).
-3
Let k = 4 + -2. Let h(q) = -q**3 + 0*q**k + 10*q - 7*q + 1 - q**2. Give h(-2).
-1
Let u(x) be the second derivative of x**7/840 - x**6/72 + x**5/60 + x**4/24 - x**3/2 - 2*x. Let r(q) be the second derivative of u(q). What is r(4)?
-7
Let c(p) = -174*p**2 - 170*p**2 + 1 - 3 + 345*p**2. Give c(-3).
7
Let z(v) = -v**2 + 11*v. Suppose 91 - 21 = 7*u. Determine z(u).
10
Suppose 0 = -2*b - b + 6. Suppose -4*p + b*p = -4. Let t(j) be the third derivative of -j**5/60 - j**4/24 - j**3/6 + j**2. What is t(p)?
-7
Let m(f) = -f**3 - 4*f**2 - 2*f + 1. Let j be (-44)/(-2) + (-2 - -1). Let p be (14/j)/((-1)/6). Determine m(p).
9
Let b(g) = g**3 - 4*g**2 + 2*g. Let u be ((-6)/(-4))/((-7)/(-14)). Give b(u).
-3
Let x(m) = m**2 - m + 1. Let g be x(1). Let l(k) = -1 - 2*k**2 - 32*k + 34*k + 9*k**3 + 0. What is l(g)?
8
Suppose 5*d + 4*h + 11 = 32, 0 = -4*h - 4. Suppose 3*c + 11 = d*z, -z = -0*z - 4*c + 8. Let x(y) = y**2 + 0*y - 5*y**2 + z + 5*y**2 + 5*y. Calculate x(-4).
0
Let l = 119 + -125. Let b(h) = -2*h - 6. Give b(l).
6
Let b(o) = -7*o**2 - 2. Let s(d) = 6*d**2 + d + 1. Suppose -4*i = -7*i + 4*r - 3, 0 = -i + 5*r + 10. Let t(k) = i*b(k) - 6*s(k). What is t(-5)?
9
Let s(k) = k**2 + 8*k - 3. Suppose 2*v = -2*v - 36. Give s(v).
6
Let f(b) be the third derivative of 0*b + 0*b**6 + 0 + 0*b**4 - 1/20*b**5 - 1/1260*b**7 + 0*b**3 + 4*b**2. Let y(s) be the third derivative of f(s). Give y(2).
-8
Let v(z) = z**2 - 3*z - 6. Let n(o) = -o. Let q(j) = 4*n(j) + v(j). What is q(8)?
2
Let q = 1 + -5. Let f(w) = -w**3 + w**2 - 2*w - 1. Let k(p) = -6*p**3 + 4*p**2 - 9*p - 4. Let v = -2 - -4. Let j(o) = v*k(o) - 11*f(o). What is j(q)?
3
Let h(i) be the first derivative of -3 - 3/2*i**2 - 3*i. Determine h(-2).
3
Let j = -16 - -17. Let t(g) = -3*g - 1. Give t(j).
-4
Let b(r) be the first derivative of -r**2 + 2*r + 12. Calculate b(7).
-12
Let d(w) = -w + 1. Suppose -2*h + 5 = 3*h. What is d(h)?
0
Let p(k) = -k**2 + 10*k - 6. Let g(q) = q**3 - 9*q**2 + 11*q - 15. Let b be g(8). Calculate p(b).
3
Let o(l) = l + 7. Let d be o(-7). Suppose -1 = w - d. Let x(y) = 10*y**2. Give x(w).
10
Let v(k) be the second derivative of 0*k**3 + 0*k**4 + 0 + 5*k + 1/2*k**2 + 1/20*k**5. Calculate v(1).
2
Let o = 10 - 1. Let b = 9 - o. Let a(m) = b*m + 0 + 2*m + 1 + 0. Calculate a(-5).
-9
Let q(b) = -3*b**2 + b + 1. Let l(k) = k**3 + k. Let y(r) = l(r) - q(r). What is y(-3)?
-1
Let m(a) = a**2 - 9*a - 1. Let d(w) be the third derivative of -3*w**4/8 - 4*w**2. Let j be d(-1). Determine m(j).
-1
Suppose 0 = 5*y - 12 - 3. Suppose -n = 3*n + 3*x - 36, 12 = -y*x. Let u(d) = -d - 16 + n - d. Give u(-5).
6
Let z be 6/10 - 182/420. Let l(h) be the second derivative of -z*h**3 - 1/6*h**4 + 0 + 0*h**2 - 3*h. What is l(-2)?
-6
Let o = -4 + 10. Let k(l) = l**3 + 6*l**2 - l + 1. Let n(i) = 2*i**3 + 13*i**2 - 2*i + 2. Let c(r) = o*n(r) - 13*k(r). Calculate c(1).
-1
Let c(j) = -2*j**2 + 6*j - 3. Let x(r) = -r**2 - r - 1. Let l(f) = c(f) - x(f). Calculate l(6).
4
Let g(x) be the first derivative of -x**2/2 - 2. Calculate g(3).
-3
Suppose -3*z + 34 = -3*b + z, 0 = -b + 2*z - 14. Let c(h) = h**2 + 7*h - 3. What is c(b)?
-9
Let b(t) = -t**3 + 3*t**2 + 3*t + 3. Let q = 23 - 19. Give b(q).
-1
Suppose -2*l = -6*l + 60. Suppose -2*g = -7*g + l. Suppose -g*b = -2*b - 2. Let v(n) = 4*n. Calculate v(b).
8
Let d(k) = 3*k - 3. Let s(l) = 4*l - 4. Let p(y) = -5*d(y) + 4*s(y). Let z = -1 + -5. Give p(z).
-7
Suppose -h + 2*h + 7 = 5*z, 3*h + 3*z + 3 = 0. Let k(a) = 3*a**2 - 1. Give k(h).
11
Let v(x) = -2*x + 11. Let p be v(7). Let n(g) = -g - 1. Give n(p).
2
Let s(z) = -5*z - 16. Let k(w) = w + 1. Let o(x) = -x + 2. Let h(l) = 2*k(l) + o(l). Let j(u) = 9*h(u) + 2*s(u). What is j(6)?
-2
Let l(w) = -4*w + 4*w**3 + 0 + 2 - 3. Let u(h) be the third derivative of h**6/6 - 7*h**4/8 - h**3 + 2*h**2. Let f(n) = 11*l(n) - 2*u(n). Give f(1).
3
Suppose -38 = i - 31. Let w(u) = u**3 + 6*u**2 - 8*u + 3. Determine w(i).
10
Let h(c) = 3*c - 2. Let n be 2 - (-2)/(3 - 1). Suppose -v + a - 1 = 0, -3*a - 4 = -v - n. Give h(v).
-8
Let u(d) = -14*d**2 - 44*d + 41. Let h(t) = 3*t**2 + 11*t - 10. Let p(o) = 9*h(o) + 2*u(o). Calculate p(9).
10
Let i(r) be the third derivative of -r**6/360 + 13*r**4/24 + 7*r**3/6 - r**2. Let n(f) be the first derivative of i(f). Determine n(0).
13
Let w(g) = 0 + 6 - 5 + 2*g - 5. Give w(-3).
-10
Let k(r) = -1 - 7 + 7 + 3*r - r**2. What is k(4)?
-5
Let c = 32 - 19. Let k = c - 7. Let d(v) = -v + 7. Give d(k).
1
Let x(q) = -q + 7. Let n be x(6). Let s(a) = 3 - 6*a**3 + a + 3*a**3 + 2*a**3 - 3*a**2 - n. Suppose 5 = -3*l - 4. Calculate s(l).
-1
Let i(y) = -y**2 - 4*y - 6. Let t be i(-3). Let c(k) = -k**2 - 2*k - 1. What is c(t)?
-4
Suppose -4*d + 6*d - 14 = 0. Let f(o) = -o**2 + 7*o - 4. Determine f(d).
-4
Let o(b) be the second derivative of 1/6*b**3 + 0*b**2 - 3*b + 0. What is o(5)?
5
Let b = 11 + -16. Let d(p) be the second derivative of -p**5/120 - 5*p**4/24 - p**3/3 + p. Let u(g) be the second derivative of d(g). Give u(b).
0
Let p(l) be the third derivative of -l**7/2520 + l**6/120 - l**5/30 - l**4/8 + 2*l**2. Let d(w) be the second derivative of p(w). What is d(4)?
4
Let o(a) = -2*a**2 + 4*a**2 + 3*a + 4 + a**2 - 2*a**2. Give o(-3).
4
Let x(u) = u**2 - 2. Suppose 5*m - 2 = -17. Determine x(m).
7
Let b be -1 + 2 + -1 - -2. Let q = b + 1. Suppose 5*r - l = -10, q*r = r + 3*l - 4. Let y(x) = -x + 2. Determine y(r).
4
Let m(k) be the second derivative of -k - 1/2*k**2 - 1/20*k**5 + 2/3*k**3 + 1/4*k**4 + 0. Let y(b) = b**3 - 8*b**2 + 2*b - 12. Let d be y(8). Determine m(d).
-1
Let y(p) = -p**3 - 3*p**2 + p - 1. Let l be y(-3). Let g(f) be the third derivative of f**4/12 + f**3/2 - 14*f**2. Give g(l).
-5
Let y(q) = 2*q - 2. Let x = 2 - -2. Suppose -z + 2*z = x. What is y(z)?
6
Let p(y) = -y**2 - 9*y - 8. Let a = 8 + -14. Determine p(a).
10
Let b(i) = -i - 1. Let u be b(2). Let n(o) = o**2. Let s(d) = -2*d**2 - 7*d. Let z(m) = u*n(m) - s(m). Calculate z(6).
6
Suppose -5*d - z + 15 = 0, -5*z = d + 2*d - 31. Let u(l) = -10 + 4*l - 4*l + l**3 + l**d. Let x = 100 + -100. What is u(x)?
-10
Let h(l) be the second derivative of l**3/6 + 3*l**2 - 41*l. Give h(-4).
2
Let v(h) be the second derivative of -h**3/6 - h**2/2 - 11*h. Give v(-7).
6
Let s(n) = n + 1. Let q(w) = -4*w - 11. Let j = 6 - 12. Let u(x) = j*s(x) - q(x). What is u(4)?
-3
Let j(d) be the second derivative of d**3/6 + d**2/2 + 2*d. Let h = -23 + 37. Suppose 2*q + 3*c = -0 + 16, q - h = -3*c. What is j(q)?
3
Let x(v) = v**3 - 6*v**2 + 3*v + 3. Let u(i) = i**2 + 15*i + 16. Let f be u(-14). Suppose 0 = -4*t + 8*t + 4*b - 36, -4*t = f*b - 28. Determine x(t).
-7
Let y(r) be the first derivative of -3*r + 0*r**2 - 1/4*r**4 - r**3 + 1. Let a(c) = c**2 + 5*c + 1. Let k be a(-4). What is y(k)?
-3
Suppose 0 = 2*k - 0*k - 12. Let h(t) = -t**2 + 5*t - 3. What is h(k)?
-9
Let n(s) = 3*s**2 + 1. Let g be 1 + (96/(-54) - (-4)/(-18)). What is n(g)?
4
Let x(q) = -q**3 - 4*q**2 - 4. Let j = -6 + 7. Let s = j - 5. Give x(s).
-4
Let u(n) = 3*n**3 + 2*n**2 - 1. Suppose 0*c - 12 = -3*c. Suppose s - 14 = 4*a, 4*s - 2 = -c*a - 6. Let w be (-3)/2 + s/4. Give u(w).
-2
Suppose -8*o = 2*o - o. Let c(q) = -q**3 + q**2 - q + 1. Give c(o).
1
Let a be (-1 - -2)/((-7)/(-7)). Let q be (-1 + a)/1 + 6. Let n(h) = h**2 - 4*h - 5. Calculate n(q).
7
Let w(a) = a**2 - 8*a**3 + 0*a**3 - 2 + 1. Determine w(-1).
8
Suppose 0 = 2*n + 3*n. Let l(a) = a + n*a - 3*a**2 - a**3 + a + 6 - 3*a**2. Let t be l(-6). Let z(v) = -v**3 - 7*v**2 - 7*v - 4. Give z(t).
2
Let r(m) = -m**2 - 3*m - 9. Let g(x) = x**2 + 2*x + 8. Let y(d) = -7*g(d) - 6*r(d). Calculate y(4).
-2
Let i(n) be the first derivative of -1/4*n**4 + 0*n**2 + 6 + 2*n - 4/3*n**3. Let t = -3 + 0. Determine 